8*m = -379 - 189. What is the highest common factor of 497 and m?
71
Let w = -15 + 9. Suppose -3*v = -4 + 7. Let l be v - 2 - (-6 + w). What is the highest common factor of 45 and l?
9
Suppose 6*r - i = 3*r + 382, 4*r - 2*i - 508 = 0. Let j(d) = d**3 - 8*d**2 + 8*d - 56. Let h be j(8). Calculate the greatest common divisor of r and h.
8
Let h be (-4 - 19) + 1*2. Let m = -14 - h. Let s be (-9)/((-36)/296) - (-7 - -4). Calculate the greatest common divisor of m and s.
7
Let a = 81 + -9. Calculate the greatest common divisor of 16 and a.
8
Let k be 1322/(-3) - (-2)/(-6). Let v = k + 617. Let u be (3 + -11)/(3/(-6)). What is the highest common factor of v and u?
16
Let z = -420 + 484. What is the highest common divisor of 208 and z?
16
Let h = 268 - 244. Suppose -5*o = -4*q - 8, -4*o = -2*q + 5 - 15. What is the greatest common divisor of o and h?
4
Let x = 1674 - 1620. What is the greatest common divisor of 99 and x?
9
Let w(k) = -k + 24. Let u(t) = 2*t - 47. Let n(b) = -3*u(b) - 5*w(b). Let s be n(7). What is the highest common factor of s and 126?
14
Let o be 296/(-104) - -3 - (-594)/26. What is the highest common divisor of o and 368?
23
Suppose -138 = -4*f - 6. Let o = 41 - f. Calculate the highest common factor of o and 2.
2
Let q(f) = f**2 + 3*f - 16. Let y be q(-8). Suppose -y = l + 3. Let m = 46 + l. What is the highest common divisor of m and 57?
19
Suppose 3179 = -44*y + 55*y. Calculate the highest common factor of y and 68.
17
Let h(b) = b**2 + 8*b + 4. Let n be h(-6). Let r(y) = y**2 + 7*y - 6. Let q be r(n). What is the greatest common divisor of 26 and q?
2
Let t(p) = 2*p - 49. Let n be t(26). Suppose 4*f - 44 = -n*s, 2*f = -5*s - 0*f + 64. Calculate the greatest common divisor of s and 30.
6
Suppose -5*k + 5*f + 190 = 0, 3*k - 97 = -2*f + 27. Suppose 240*u - 430 = 197*u. What is the greatest common divisor of k and u?
10
Suppose -4*z + 7*z - 420 = 0. Let u = -138 + z. What is the greatest common factor of u and 1?
1
Suppose -42 = -3*a - 3*f, -3*f + 12 = 5*a - 50. Suppose 3*m + 2*m = -a. Let s be (m - -2) + (-11)/(-1). What is the greatest common divisor of s and 33?
11
Suppose -12 = -4*f, 4*i = 12*f - 11*f + 77. What is the highest common divisor of i and 90?
10
Suppose 4*t - 40 = -2*c + 8, 0 = 5*c - 4*t - 134. Calculate the highest common factor of c and 65.
13
Let y(a) = -1 - 1 - 2 + 3 - a. Let l be y(5). Let r(f) = f**3 + 5*f**2 - 8*f - 4. Let m be r(l). Calculate the greatest common factor of m and 1.
1
Suppose -3*b = -4*l - 804, -2*b + 0*l - l = -536. Calculate the highest common factor of b and 201.
67
Let g be (-3 + 204/(-4))*-1. Let z = -27 + g. Let l be -3 + z*4/6. Calculate the highest common factor of 135 and l.
15
Let o = 27 + -16. Let x(v) = -v**2 - 14*v - 34. Let f be x(-4). Suppose -f*j - 59 + 191 = 0. Calculate the highest common divisor of o and j.
11
Let o = 253 + -218. Calculate the highest common factor of 245 and o.
35
Let z = 9 + -2. Let j be 10/(-15)*(0/4 - 12). Suppose -34 = -j*q + 22. Calculate the greatest common factor of z and q.
7
Let c(z) = -13*z + 1. Let x be c(-1). Suppose -10*l = -x*l + 60. What is the highest common divisor of l and 5?
5
Suppose 0 = 31*w + 7*w - 169290. Calculate the highest common factor of w and 55.
55
Suppose -5*c - 507 = -1552. Let v be (42/35)/((-6)/20). Let h be v*(-5)/(-10) + 21. Calculate the highest common divisor of c and h.
19
Let k be (-6)/(126/343)*(-12)/14. Calculate the highest common factor of 49 and k.
7
Let z(m) = -90*m + 150. Let d be z(-17). Calculate the greatest common divisor of d and 105.
105
Let z = 29 - 9. Let b be (-96)/(-10) - 1 - 75/125. What is the greatest common divisor of z and b?
4
Suppose 11 = 2*h - 1. Suppose 2*b - 20 = -h. What is the highest common factor of 1 and b?
1
Let u(w) = -w**2 + 6*w + 16. Let c be u(6). Let j be ((-1)/2)/(1/898). Let s be (-1)/7 + j/(-7). Calculate the highest common factor of c and s.
16
Let r(l) = 99*l**3 + l**2 - l. Let t be r(1). Let s be (-44)/t*9/(-2). Calculate the greatest common factor of s and 16.
2
Suppose -5*s + 2801 = 1141. Let x be 3/9 - s/6. Let g be 10/x - (-24)/11. Calculate the greatest common divisor of g and 14.
2
Let a(i) = 12*i**2 - 347*i + 14. Let x be a(29). What is the highest common divisor of x and 989?
43
Suppose -2*z + 14 = a, -2*a + 5*z - 10 = -38. Calculate the greatest common divisor of 658 and a.
14
Suppose 0 = -2*m + 5*l + 74, 2*m + 2*l = -m + 130. Calculate the greatest common divisor of m and 70.
14
Suppose 2*j - 4*r = -226, -2*r - 331 = j + 2*j. Let a = j + 116. Calculate the highest common factor of 2 and a.
1
Let j be 19680/1680 - ((-18)/14 - -1). What is the highest common factor of j and 51?
3
Suppose -39*p + 35*p + 384 = 0. Calculate the greatest common divisor of 144 and p.
48
Suppose -2*o + 47 = 4*j - 107, 4*j - 304 = -4*o. Suppose 3*z - 10 + 4 = 0. Let m be (2*z)/(4/50). Calculate the highest common factor of o and m.
25
Suppose j + 12*n - 8 = 15*n, 3*j - n - 48 = 0. What is the highest common factor of 17 and j?
17
Let j be 8/24 - 2/6. Suppose j = -2*z - 0*g + 4*g + 8, -5*z - 5*g + 35 = 0. Let c be z/(-4*(-2)/12). Calculate the highest common divisor of c and 63.
9
Let p be (4608/(-56))/((-8)/28). Calculate the highest common factor of p and 64.
32
Let c(g) be the second derivative of -9*g + 1/2*g**2 - 1/3*g**3 + 0. Let k be c(0). What is the greatest common divisor of k and 1?
1
Let x(i) = 7*i**2 + 1 - 7*i**2 - 3*i**3 - 2*i**2. Let c be x(-1). Calculate the highest common divisor of c and 5.
1
Suppose 3*n - 1872 = -n + 4*c, 0 = -c. Suppose -p = -4*p - n. Let a = p - -321. What is the highest common divisor of 15 and a?
15
Suppose -l + 195 = 4*l. Calculate the greatest common factor of 1053 and l.
39
Suppose -w + 4*r + 60 = 0, w + 2*r = -0*r + 90. Let u be w + 0*(-3)/9. Let m = -498 - -514. What is the greatest common divisor of m and u?
16
Let p(v) = v - 5. Let n be p(5). Suppose -3*h - h + 76 = n. Let x(k) = 75*k**2 + 2*k - 1. Let l be x(1). Calculate the greatest common factor of l and h.
19
Let h(a) = -a + 45. Let n = 102 - 108. Let r be h(n). What is the highest common factor of r and 17?
17
Let g(v) = v**3 + v**2 - 3*v + 2. Let i be g(0). Let q = -5 - -23. What is the highest common divisor of q and i?
2
Let b = 2877 + -2840. Let l(k) = -334*k**3 - 2*k**2 + 1. Let s be l(-1). Calculate the highest common factor of b and s.
37
Suppose k = -4*k + 25. Suppose -2*g = -5*f + 609, -137 = -k*f + 3*g + 469. What is the highest common factor of 82 and f?
41
Let l = -277 + 349. What is the highest common divisor of 27 and l?
9
Suppose 4*u - 3*s - 6597 = 0, -27*u + 5*s - 6637 = -31*u. Calculate the highest common divisor of 87 and u.
87
Let o(f) = 2*f**3 - 6*f**2 + f. Let j be o(4). Let d = 38 - j. Let t be 25 + 0 - (-2 + d). Calculate the highest common factor of t and 225.
25
Let u be (-363)/21 - 2/(-7). Let m = 18 + u. Let d be m/((-292)/(-144) + -2). Calculate the highest common factor of 180 and d.
36
Let d be (-89 - 10/(-5)) + 1. Let t = -2 - d. Let x = 26 - 14. What is the greatest common divisor of t and x?
12
Suppose 5*s + 13 = 3. Let i be (s - -12)*6/3. Calculate the highest common factor of 8 and i.
4
Let z(f) = 10*f**2 - 2*f - 35. Let j be z(-4). What is the highest common divisor of j and 57?
19
Suppose -4*o = 2*l - 30, 0*o - 5*o = -25. Suppose -218 = -l*q + 302. Let v(f) = 4*f - 3. Let n be v(4). Calculate the highest common divisor of q and n.
13
Let p = 33 + 6. Let o(r) = -r + 26. Suppose -3*b = -b. Let d be o(b). Calculate the greatest common factor of p and d.
13
Suppose 4*g - 2*n - 56 = 0, 0*g + 3*g - 40 = n. Suppose g*k - 7 = 5*k. Calculate the highest common factor of 11 and k.
1
Let i be 46*3/6 + 1. Let c be (-200)/12 - (-1)/(-3). Let f = i + c. What is the highest common divisor of 70 and f?
7
Suppose -2*j = -3*m + 42, 4*m - m + 5*j - 42 = 0. What is the greatest common factor of 112 and m?
14
Let o be (-80 - -92)*(1 + 1/3). What is the greatest common factor of o and 176?
16
Suppose 3 = t + 55. Let q = 124 + t. Calculate the greatest common divisor of q and 8.
8
Let a = -8 + -13. Let k = 27 + a. Suppose 0 = -b + 2*x - 0*x + 6, -4*x = 3*b - 48. What is the greatest common factor of k and b?
6
Let u(y) = 2*y**2 - 6*y + 4. Suppose 0*a - 5 = -a. Suppose 